the remainder when 11 is divided by d?
1
Let c(n) = n**3 - 38*n**2 + 74*n - 54. Let o be c(36). Suppose -o*i + 68 = -17*i. Calculate the remainder when i is divided by 26.
16
Let o be -3*(3 - (-5)/(-15)). Suppose -3*r - 4 = -79. Calculate the remainder when 144/(-14)*56/o is divided by r.
22
Let g = 1588 - 1086. Let p = -345 + g. Calculate the remainder when p is divided by 8.
5
Let m(d) = 3*d + 48. What is the remainder when (((-95)/(-25))/(-1))/((-2)/30) is divided by m(-11)?
12
Let l be (-726 - (-2 + -2)) + -3. Let y = l + 747. Suppose -4*q = -0*r + 3*r - 313, -425 = -5*q + 3*r. Calculate the remainder when q is divided by y.
16
Let m be 2 - 4/((-16)/4). Suppose 2*o - o - 24 = -4*g, 27 = m*o + 3*g. Suppose -o*n + n = -9. Calculate the remainder when 14 is divided by n.
2
Suppose 4*j - 2*j = 80. Suppose -5*l = -27*d - 125, 7*l - 2*l - 2*d = 375. What is the remainder when l is divided by j?
39
Let j(w) = w**3 - 12*w**2 - 14*w - 8. Let h be j(13). Let z = h + 202. What is the remainder when z is divided by 24?
13
Let w(g) = 4*g**3 - 12*g + 19434. What is the remainder when w(0) is divided by 13?
12
Suppose 3*t - 160 = 2*c, -c + 172 = -0*t + 3*t. Calculate the remainder when t is divided by (760/(-76) - 1*2)/(-1).
8
Calculate the remainder when 2339 is divided by (-1)/7 - ((-20304)/126)/8.
19
Suppose 0 = -752*i + 779*i - 39987. Calculate the remainder when i is divided by 165.
161
Suppose -3*y + 2*m = 2*y - 128, -2*m = -2. Let u(n) = -26*n - y*n + 19 + 48*n. Calculate the remainder when 9 is divided by u(4).
0
What is the remainder when 119 is divided by (-3)/5 + 30/(-175)*-581?
20
Calculate the remainder when 532 is divided by 6 + (-48)/(-12) + 6 + -3.
12
Let f(j) = j**3 + 8*j**2 - 8*j + 14. Let z be f(-9). Suppose -319 = -z*q + 2*r - 5*r, -2*q + 2*r = -118. What is the remainder when q is divided by 21?
20
Let t = -711 - -1136. Suppose 100 = -5*q + t. Calculate the remainder when 182 is divided by q.
52
Let s(b) = b**3 + 24*b**2 + 8*b - 295. What is the remainder when 11547 is divided by s(-23)?
47
Suppose 0 = -b - 0*b + 20. Let v(q) = -52*q + 20. Let m be v(-5). Suppose 133 = 7*a - m. What is the remainder when a is divided by b?
19
Suppose -o - 10 = -12. Calculate the remainder when 179 is divided by o*1 + (10 - (-132)/4).
44
Let w(y) = 13*y + 194. Suppose -11*i + 432 = -107. Calculate the remainder when w(-4) is divided by i.
44
Let q = 19 - -7. Suppose -31*v + 16*v = -930. Calculate the remainder when v is divided by q.
10
Let g = -2298 + 2336. What is the remainder when 224 is divided by g?
34
Suppose -8 = -4*v - 4*h, 0 = v - 77*h + 76*h - 4. Calculate the remainder when 151 is divided by v.
1
Suppose 15 = 4*z - 5. What is the remainder when (31 + -27)*123/12 is divided by z?
1
Suppose -9 = 3*x + 30, -3*u - 4 = x. Suppose 0 = -3*w - 26 + 98. Let v = 35 - w. What is the remainder when v is divided by u?
2
Let y be (8/(-12))/((-1)/(42/4)). Let a be -4 + 1 + (-21)/y. Let l = 39 + a. Calculate the remainder when 163 is divided by l.
31
Let i be (0/20)/(-2 - 1). Suppose i = 6*s - s - 510. Suppose 4*z - s = 14. Calculate the remainder when 84 is divided by z.
26
Suppose -8 = 5*o - 2*t - 2, 5*o + t = -12. Calculate the remainder when 120 is divided by (-186)/(-6)*(-1 - o).
27
Let d(u) = -80*u - 2259. What is the remainder when d(-32) is divided by 75?
1
Let h = 3154 + -1615. What is the remainder when h is divided by 44?
43
Calculate the remainder when (-4)/13 - (-17191492)/6526 is divided by 239.
5
Let v = -4095 + 4739. Calculate the remainder when v is divided by 23.
0
Let n be (-4 - (-150)/36) + 305/6. Suppose 4*x = 2*q + 6*x - 42, 5*x = q - n. Let w = 21 + -12. Calculate the remainder when q is divided by w.
8
Let i = 186 - 117. Suppose 79 + i = 4*o. Calculate the remainder when 68 is divided by o.
31
Let m(w) = 13*w**2 + 354*w - 2491. What is the remainder when m(7) is divided by 205?
9
Suppose 12*b - 2142 - 1098 = 0. Suppose b = -17*w + 27*w. Calculate the remainder when 79 is divided by w.
25
Suppose 7676 = 182*a + 20*a. Let u = -68 - -21. Let i = -26 - u. Calculate the remainder when a is divided by i.
17
Let r = 18801 - 18601. Calculate the remainder when 3787 is divided by r.
187
Let c(y) be the first derivative of -2*y**2 - 9*y + 23. Let q be c(3). Let n = 11 - q. What is the remainder when n is divided by 9?
5
Suppose 6*g = 3*g + g. Suppose 8*d + g*d = 816. Calculate the remainder when d is divided by 162/21 - 2/(-7).
6
Suppose 19*b = 8*b + 396. Suppose 2*u = 2*r + 40, -3*u + 47 = -4*r - b. Calculate the remainder when r/(-2*(-1)/(-2)) is divided by 4.
3
Suppose -5*o - 4*n = -37, 3*o + 3 = 2*n + 12. Suppose o*d = 3*a - 64, 117 = 5*a - 4*d + 6*d. Suppose -y + 6 = -0. What is the remainder when a is divided by y?
5
Let y(z) = z**3 - 10*z**2 - 46*z - 46. What is the remainder when 554 is divided by y(14)?
84
Let g(i) = -i**3 - 9*i**2 - 4*i. Let d be (6/15)/(1/(-130)). Let q = -33 - d. Calculate the remainder when g(-9) is divided by q.
17
Let t(q) = 26*q**2 + 22*q + 52. Calculate the remainder when t(-4) is divided by 189.
2
Suppose -2*a = -a. Suppose -5*i = v - 10, 3*i + a*i = 2*v + 6. Suppose 4*p + i = 5*p. What is the remainder when p is divided by 2?
0
Suppose -5*y - 29 = -6*y. Suppose -3*m + 139 = -4*n, -2*m = -m + 3*n - 29. Let o = m + -26. What is the remainder when y is divided by o?
14
What is the remainder when (220/(-275))/(2/10) + 14 is divided by 8?
2
Let c(z) = z**3 - 15*z**2 - 52*z + 47. Let v be c(18). Let g be (61/(-3))/(1/3). Let r = g + v. Calculate the remainder when r is divided by 8.
6
Let w = 4394 - 3247. Calculate the remainder when w is divided by 126.
13
Suppose 5*l = -5*p + 685, -3*l + 24 = 5*p - 379. Suppose 258*n + 1848 = 266*n. Suppose -6*r - 123 = -n. What is the remainder when l is divided by r?
15
Suppose 0 = -53*u + 44*u + 81. Suppose u*k + 54 = 1044. Calculate the remainder when k is divided by ((-148)/8)/((-1)/2).
36
Let p(i) = 5*i**2 - 79*i + 92. What is the remainder when p(26) is divided by 29?
26
Let h = 53 + 112. Suppose 0*w = -5*w + h. Suppose 0 = 3*l + 9, 0 = 3*q + 434*l - 439*l - 195. Calculate the remainder when q is divided by w.
27
Suppose x - 6*x + 15 = 0. Suppose 87 = -x*w + 6*w. Suppose 7 - 17 = -u. What is the remainder when w is divided by u?
9
Let g = 9415 - 6225. Calculate the remainder when g is divided by 213.
208
Calculate the remainder when 5104 is divided by ((-954)/212)/((-6)/52).
34
Let o be (70/(-28))/(2/(-4)). Suppose m - 12 = 3*d, -m + o*m - 3*d - 84 = 0. Calculate the remainder when m is divided by 11.
2
Let n = 714 - 377. Let y(k) = k**2 - 13. Calculate the remainder when n is divided by y(9).
65
Suppose 0 = -0*q - 4*q + 440. Let b = -65 + q. Calculate the remainder when b is divided by (27 + -1 - 3) + 1.
21
What is the remainder when 4187 is divided by (-11)/66*177*(2 - 4/1)?
57
Suppose -3*r = w + 175, 3*w + r = -w - 700. Let q = w - -181. Calculate the remainder when 12 is divided by q.
0
Suppose 0*c + 3*c = 702. Suppose -342 = -12*h + c. Calculate the remainder when h is divided by 13.
9
Let r = 52 - 48. Suppose 2*u - 52 = -r*k, 4*u = -0*k + 4*k + 128. Let n = u - 21. What is the remainder when 33 is divided by n?
6
Let n = -10 + 4. Let c = 2 - n. Suppose 13 + 11 = 8*p. Calculate the remainder when c is divided by p.
2
Suppose 1868*v - 208 = 1852*v. Let m = 18 - -19. What is the remainder when m is divided by v?
11
Suppose 57 - 457 = -4*t. Suppose 0 = 5*i - 55 - t. Let j = 98 - 87. Calculate the remainder when i is divided by j.
9
Calculate the remainder when 397 is divided by (736/120)/(396/825) - 2/(-9).
7
Suppose q - 61 = -f, q + 4*q = -20. Let w(o) = -o**2 - 6*o + 26. Let v be w(13). Let d = v - -232. Calculate the remainder when f is divided by d.
10
Suppose 17*t = 13*t + 2956. Suppose 9*j + 199 = t. Calculate the remainder when j is divided by 16.
12
Let z = -1236 - -1271. Let p = 10 - 6. Suppose 3*v = -f + 61, 0 = v + p*v + 4*f - 104. What is the remainder when z is divided by v?
15
Suppose 276*b - 4000 = 236*b. What is the remainder when 126 is divided by b?
26
Let i = -21 + 24. Let q = 59 + -55. Suppose -2*b - 5*d = 1, -5*d - 5 - 8 = -q*b. Calculate the remainder when i is divided by b.
1
What is the remainder when 840 is divided by -8*6/(-216) - (-6)/(